**2 + 166*l - 718. What is x(-85)?
-378
Let b(j) = -j**3 + 977*j**2 - 237305*j + 2257. Give b(452).
-3
Let d(z) = 2757*z - 1003505. Give d(364).
43
Let p(b) = 84021*b + 504125. What is p(-6)?
-1
Let v(z) = z**3 - 30*z**2 - 524*z + 14462. Calculate v(25).
-1763
Let a(b) = 13*b**3 + 1786*b**2 - 1106*b - 301. Give a(-138).
-25
Let m(p) = p**2 + 286*p + 19438. Determine m(-147).
-995
Let o(s) = -54*s**3 + 224*s**2 - 53*s + 90. What is o(4)?
6
Let w(n) = -4*n**3 - 153*n**2 - 41*n + 120. Give w(-38).
234
Let o(x) = -21*x**2 - 668*x - 233. Give o(-22).
4299
Let j(x) = 2*x**2 + 447*x + 25379. What is j(-94)?
1033
Let c(m) = -46550*m + 279426. Calculate c(6).
126
Let o(t) = -9*t**2 + 436*t - 779. Calculate o(46).
233
Let y(f) = -54*f**2 + 1389*f + 5629. Calculate y(-4).
-791
Let x(v) = 133531*v - 801184. Determine x(6).
2
Let b(q) = -825*q**2 + 33*q + 5. What is b(-1)?
-853
Let b(o) = 17*o**3 - 296*o**2 + 122*o - 215. Determine b(17).
-164
Let p(l) = -l**3 - 198*l**2 + 2031*l + 196. What is p(10)?
-294
Let u(b) = -b**3 - 15*b**2 + 41*b + 150. Give u(-17).
31
Let u(t) = 3*t**2 + 564*t + 9562. Give u(-169).
-71
Let m(s) = -14005*s - 42032. Calculate m(-3).
-17
Let i(d) = 33*d**2 - 1339*d + 5058. What is i(4)?
230
Let u(m) = 143416*m + 573721. Calculate u(-4).
57
Let w(r) = -r**3 + 92*r**2 - 228*r - 3502. Give w(89).
-31
Let i(h) = -h**3 + 300*h**2 + 1786*h - 535801. Give i(300).
-1
Let l(s) = -4*s**2 - 98*s + 310. What is l(-26)?
154
Let k(w) = 278743*w + 21741946. Determine k(-78).
-8
Let u(j) = 5*j**2 - 111*j - 234. Determine u(23).
-142
Let a(d) = -8*d**3 + 24*d**2 + 31*d - 35. Determine a(-2).
63
Let a(w) = 2*w**3 - w**2 + 3705*w. Determine a(0).
0
Let b(r) = -523*r**2 - 121320*r + 3712. Calculate b(-232).
0
Let s(f) = -403*f + 32832. What is s(81)?
189
Let k(m) = 5274*m - 1387064. Give k(263).
-2
Let p(z) = 8441*z - 13936102. What is p(1651)?
-11
Let z(k) = -46727*k - 4719401. Calculate z(-101).
26
Let i(t) = 5*t**2 - 87*t - 2444. Determine i(-15).
-14
Let m(z) = 52*z**3 - 441*z**2 - 255*z + 107. Determine m(9).
-1
Let z(f) = -3*f**2 - 89*f + 2745. Calculate z(-54).
-1197
Let f(s) = 366*s**3 - 2*s**2 - 19*s - 15. Determine f(-1).
-364
Let b(t) = t**2 + 182*t - 39. Give b(11).
2084
Let u(b) = -2148*b - 358722. Give u(-167).
-6
Let q(j) = 7*j**3 - 470*j**2 + 2079*j - 134797. Give q(67).
7
Let i(c) = 33*c + 3429. Give i(-80).
789
Let v(u) = -1962*u + 13768. What is v(7)?
34
Let t(f) = -9*f**2 - 898*f + 5411. What is t(6)?
-301
Let y(u) = 161*u**3 + 9029*u**2 + 728*u + 62. What is y(-56)?
62
Let j(g) = -607*g**2 + 4834*g + 158. Give j(8).
-18
Let g(u) = u**3 - 43*u**2 - 77*u + 219. What is g(44)?
-1233
Let o(m) = 47450*m + 617044. Give o(-13).
194
Let t(n) = 60*n**2 + 363*n + 477. Give t(-4).
-15
Let u(w) = w**3 + 42*w**2 + 393*w + 934. Determine u(-30).
-56
Let k(b) = -b**3 + 28*b**2 - 37*b + 262. Determine k(5).
652
Let l(n) = -34*n**2 + 161*n - 793. Determine l(5).
-838
Let f(u) = -15*u**2 - 46168*u - 230457. What is f(-5)?
8
Let z(y) = 125*y - 4559. What is z(36)?
-59
Let n(d) = -2*d**3 + 36*d**2 - 21*d + 1056. Give n(17).
1277
Let o(y) = y**3 + 145*y**2 + 2178*y - 518. What is o(-128)?
-774
Let i(j) = 18*j**2 + 1641*j + 52. Determine i(-91).
-221
Let k(i) = 2*i**3 - 236*i**2 + 13282*i - 13047. Give k(1).
1
Let m(w) = w**3 + 227*w**2 + 1398*w + 317385. Determine m(-227).
39
Let s(q) = 650*q**3 - 387*q**2 + 3. Determine s(1).
266
Let d(b) = -10*b**2 - 306*b + 22207. What is d(-65)?
-153
Let p(w) = -31*w - 1096. Determine p(-27).
-259
Let z(v) = -3*v**3 + 122*v**2 - 296*v - 82. Determine z(38).
222
Let i(p) = -7*p**3 - 57*p**2 + 20*p + 193. What is i(-6)?
-467
Let j(y) = 1228*y - 110520. Give j(90).
0
Let n(h) = h**3 - 89*h**2 + 1170*h - 90. Determine n(73).
56
Let g(t) = t**2 + 146*t + 3594. Calculate g(0).
3594
Let y(a) = -2*a**2 + 1024*a + 20384. What is y(-20)?
-896
Let x(l) = 39052*l - 273190. Give x(7).
174
Let b(c) = 41*c**2 + 132*c - 690. What is b(5)?
995
Let h(p) = -2*p**3 + 3*p**2 + 2059*p + 5068. What is h(-30)?
-2
Let p(s) = s**3 - 98*s**2 + 8615*s - 826254. What is p(97)?
-8
Let l(d) = 1328*d**2 - 2534*d - 195. What is l(2)?
49
Let c(l) = 2912*l + 640613. Give c(-220).
-27
Let l(a) = 95*a**2 + 703*a + 5. Calculate l(-7).
-261
Let c(y) = y**2 + 29*y + 238. What is c(0)?
238
Let q(k) = 364*k**2 - 5852*k + 375. Calculate q(16).
-73
Let c(w) = -141*w + 481. Give c(5).
-224
Let b(i) = 101*i**2 + 173*i - 108. Calculate b(1).
166
Let q(r) = r**3 - 49*r**2 - 219*r + 8444. What is q(50)?
-6
Let k(z) = -4*z**3 - 3*z**2 + 107*z + 217. Determine k(-2).
23
Let o(t) = -2*t**3 + 25*t**2 + 23*t - 251. Determine o(13).
-121
Let k(x) = -9696*x**2 - 581763*x - 184. Give k(-60).
-4
Let i(v) = -1256*v + 7586. Determine i(6).
50
Let o(f) = -49*f**3 - 11514*f**2 + 234*f - 209. Give o(-235).
26
Let x(z) = -10*z**3 - 36*z**2 + 196*z + 83. Give x(6).
-2197
Let m(k) = -k**3 + 74*k**2 - 465*k + 115. Determine m(8).
619
Let n(j) = -6*j**2 - 366*j + 3292. Determine n(-69).
-20
Let n(b) = 17*b**3 + 288*b**2 - 25*b - 23. Determine n(-17).
113
Let t(n) = 17*n**2 - 247*n + 85. Give t(16).
485
Let d(w) = 17*w**2 - 78*w - 1226. Give d(-17).
5013
Let t(n) = 169434*n - 6269057. Give t(37).
1
Let n(c) = -2*c**3 - 685*c**2 - 1011*c + 4087. Determine n(-341).
-5
Let f(h) = 44216*h + 530587. Determine f(-12).
-5
Let g(q) = -2*q**2 - 148*q - 1434. Give g(-63).
-48
Let k(x) = -x**3 + 3*x**2 + 40*x - 139. What is k(8)?
-139
Let v(n) = -12*n**2 - 307*n - 710. What is v(-23)?
3
Let g(s) = -s**2 + 50*s + 122. Determine g(-8).
-342
Let o(f) = 14*f**2 - 301*f - 5025. Calculate o(-11).
-20
Let x(t) = 9*t**3 - 8*t**2 + 49*t + 187. Determine x(-7).
-3635
Let r(w) = 287810*w + 1151240. What is r(-4)?
0
Let k(s) = 4*s**3 + 3041*s**2 - 23809*s - 765. Determine k(-768).
3
Let d(q) = -6*q**2 - 1392*q + 2805. Calculate d(2).
-3
Let u(r) = 27*r**2 + 1514*r + 30. What is u(-56)?
-82
Let r(d) = -d**3 + 670*d**2 - 7883*d - 77. Determine r(12).
79
Let f(a) = -111873*a - 447494. Determine f(-4).
-2
Let l(r) = -91*r**3 - 17742*r**2 + 585*r - 23. Determine l(-195).
-23
Let l(n) = -2050*n - 150001. Calculate l(-73).
-351
Let d(j) = j**3 + 78*j**2 + 215*j - 695. What is d(-75)?
55
Let r(s) = -4*s**3 - 157*s**2 - 183*s - 232. Give r(-38).
-498
Let j(k) = -3*k**2 - 692*k + 29985. Determine j(-268).
-31
Let r(y) = -2*y**3 - 85*y**2 - 1253*y - 5851. Calculate r(-9).
-1
Let p(r) = -498855*r - 15464507. What is p(-31)?
-2
Let y(u) = -6*u**3 - 35*u**2 - 3385*u - 20339. Give y(-6).
7
Let u(p) = -679*p + 67868. What is u(100)?
-32
Let b(p) = 1747*p - 7374. Calculate b(4).
-386
Let t(o) = -898557*o - 1796978. What is t(-2)?
136
Let y(k) = -8*k**2 + 386*k - 1011. Give y(46).
-183
Let k(m) = 3*m**2 + 59*m + 17. Give k(-20).
37
Let q(d) = -105*d**2 - 78235*d - 7442. What is q(-745)?
8
Let z(y) = 4*y**2 - 1572*y + 127872. What is z(115)?
-8
Let x(i) = 10*i**2 + 3*i - 5. Determine x(14).
1997
Let u(w) = -759*w - 10524. Calculate u(-14).
102
Let j(l) = 2463*l + 14819. Calculate j(-6).
41
Let f(u) = -5*u**3 + 7*u**2 + 263*u + 24. Determine f(8).
16
Let z(l) = -40687*l - 162724. Determine z(-4).
24
Let j(r) = 2*r**2 + 141*r + 121. Calculate j(-67).
-348
Let v(w) = -w**2 + 89*w - 2937. What is v(69)?
-1557
Let z(j) = -615169*j + 7382007. What is z(12)?
-21
Let d(a) = -161055*a - 966268. Give d(-6).
62
Let j(a) = -3*a**3 + 277*a**2 + 186*a - 430. Determine j(93).
-430
Let p(f) = f**3 + 654*f**2 + 4531*f - 63. Calculate p(-7).
-77
Let l(r) = 266*r + 34137. Calculate l(-131).
-709
Let d(v) = -v**2 - 433*v - 31131. Give d(-91).
-9
Let y(i) = 2*i**3 + 278*i**2 + 839*i + 3128. Give y(-136).
0
Let t(j) = 2*j**2 - 2688*j - 46264. What is t(1361)?
10
Let o(w) = w**2 - 3309*w - 885967. What is o(-249)?
-25
Let p(m) = -1629*m - 360042. What is p(-221)?
-33
Let r(v) = 2*v**3 + 111*v**2 + 834*v + 1612. Calculate r(-47).
-33
Let h(t) = -t**2 - 3145*t + 612544. Give h(184).
8
Let y(g) = -7*g**3 - 54*g**2 - 28*g + 1430. Calculate y(4).
6
Let a(c) = 6*c**2 - 54*c + 232. Give a(4).
112
Let h(p) = 294*p - 49780. What is h(169)?
-94
Let j(c) = -11*c**3 + 2380*c**2 - 834*c - 6481. Give j(216).
-1
Let l(d) = 39036*d - 156289. Determine l(4).
-145
Let t(b) = 104*b**2 + 924*b - 3710. Determine t(4).
1650
Let l(o) = -5283*o + 5280. What is l(1